he highest common factor of 81840 and 70925520?
7440
Calculate the highest common factor of 17380 and 28180.
20
What is the highest common factor of 28354590 and 470?
10
Calculate the greatest common factor of 54821739 and 1668.
417
What is the highest common divisor of 285736 and 1628?
44
What is the highest common factor of 68 and 165819190?
34
Calculate the highest common factor of 14280 and 165990.
30
Calculate the highest common factor of 14245 and 35335.
185
Calculate the greatest common factor of 990 and 176300910.
90
What is the greatest common divisor of 23108 and 70993553?
5777
What is the greatest common factor of 5049 and 7953?
33
What is the greatest common divisor of 574227790 and 185?
185
What is the highest common divisor of 32960 and 50240?
320
What is the highest common factor of 3424 and 9912908?
428
What is the greatest common divisor of 2128070 and 476518?
1414
Calculate the greatest common divisor of 3394996 and 124.
124
What is the highest common divisor of 8475680 and 17440?
160
Calculate the greatest common divisor of 31945345 and 301.
43
What is the highest common factor of 237 and 9155389?
79
What is the highest common divisor of 5184815 and 1520?
95
Calculate the greatest common divisor of 67763536 and 5680.
1136
What is the greatest common factor of 2482 and 1788500?
146
What is the highest common factor of 606 and 3148473?
303
Calculate the highest common factor of 77592219 and 513.
57
Calculate the highest common factor of 53 and 72634168.
53
What is the greatest common factor of 528736 and 11346?
62
What is the highest common divisor of 796115967 and 6?
3
What is the greatest common divisor of 1880848 and 3772?
92
What is the greatest common factor of 2870 and 16759800?
10
Calculate the highest common divisor of 12 and 17402248.
4
What is the highest common divisor of 404640 and 1944480?
480
What is the greatest common divisor of 75 and 16039525?
25
What is the greatest common divisor of 592865 and 126490?
455
Calculate the greatest common factor of 2321234 and 40236.
958
What is the highest common divisor of 14880 and 5534120?
1240
What is the greatest common divisor of 302590247 and 2532?
211
What is the highest common divisor of 3151 and 765145?
137
What is the highest common factor of 114688 and 9508864?
2048
What is the highest common divisor of 923384956 and 1196?
1196
Calculate the highest common divisor of 126290 and 10591060.
1730
Calculate the highest common divisor of 222709 and 403739.
421
Calculate the highest common divisor of 2603901 and 12753.
327
What is the highest common factor of 168 and 1794696?
24
What is the greatest common divisor of 79702238 and 539?
77
What is the highest common factor of 5 and 2240762525?
5
What is the highest common divisor of 11781 and 684981?
1683
Calculate the greatest common factor of 346658 and 3576326.
1742
What is the greatest common factor of 2968 and 25224?
8
Calculate the greatest common divisor of 190 and 79075207.
19
What is the highest common divisor of 3933 and 44422361?
437
Calculate the greatest common factor of 999557904 and 16.
16
Calculate the highest common divisor of 448 and 6184392.
8
Calculate the greatest common factor of 60876 and 74951884.
6764
Calculate the greatest common factor of 187510 and 10390.
10
Calculate the highest common factor of 91760 and 6073328.
592
What is the highest common factor of 9268632 and 5597?
5597
What is the highest common divisor of 11194 and 3307248?
386
What is the highest common factor of 597364 and 12?
4
What is the greatest common divisor of 1135491 and 3336?
417
Calculate the greatest common factor of 1457412282 and 383.
383
Calculate the highest common divisor of 35511 and 1954974.
1869
What is the highest common factor of 5008 and 1136272?
16
What is the highest common divisor of 541086 and 1317039?
2973
What is the highest common factor of 493488 and 4094?
46
Calculate the highest common factor of 82 and 7826648.
2
Calculate the highest common divisor of 94 and 955651.
47
What is the greatest common factor of 52474686 and 924?
66
Calculate the highest common divisor of 1421108 and 19656.
52
Calculate the highest common factor of 2357306 and 238.
14
What is the highest common divisor of 6780 and 164076?
1356
What is the greatest common factor of 33 and 20477?
1
Calculate the greatest common divisor of 875948 and 388.
4
What is the highest common factor of 317100 and 80052?
84
Calculate the greatest common divisor of 1084940 and 6392.
68
What is the greatest common divisor of 13014225 and 5355?
315
What is the highest common divisor of 149942658 and 3864?
138
What is the greatest common divisor of 595062813 and 942?
471
What is the greatest common factor of 4093650 and 3295595?
4135
What is the greatest common factor of 5414029 and 1510837?
2357
What is the greatest common factor of 2997592 and 49400?
1976
Calculate the greatest common divisor of 261754044 and 12.
12
Calculate the highest common factor of 130 and 98203222.
26
What is the highest common factor of 10656274 and 23423?
397
What is the highest common divisor of 6944311 and 5423?
319
What is the highest common factor of 40310793 and 318?
159
Calculate the highest common divisor of 1023 and 2774190.
93
Calculate the highest common divisor of 1178 and 376810983.
589
Calculate the highest common factor of 1976000 and 25175.
475
What is the greatest common divisor of 143437024 and 3488?
3488
What is the greatest common factor of 57 and 58793391?
57
What is the greatest common divisor of 1625 and 68224?
13
Calculate the greatest common factor of 2920660 and 100.
20
What is the highest common divisor of 256368 and 11277840?
2352
Calculate the greatest common factor of 14756121 and 216.
27
Calculate the greatest common factor of 24155904 and 23856.
3408
What is the highest common factor of 9140446 and 7?
7
Calculate the greatest common divisor of 818 and 356662315.
409
Calculate the highest common divisor of 400 and 48888350.
50
Calculate the highest common factor of 1995378 and 99561.
231
Calculate the greatest common factor of 29 and 18738901.
29
Calculate the greatest common factor of 493 and 877510913.
493
What is the highest common divisor of 615 and 48632460?
15
What is the greatest common factor of 29 and 818493941?
29
What is the highest common factor of 510 and 36245190?
510
Calculate the highest common divisor of 5 and 16023905.
5
What is the greatest common divisor of 52476753 and 21?
21
What is the greatest common divisor of 205867346 and 116?
58
Calculate the highest common divisor of 130 and 1522235.
65
Calculate the highest common factor of 74936992 and 624.
208
What is the highest common factor of 144 and 6199596?
36
Calculate the greatest common factor of 1053 and 45882369.
1053
Calculate the greatest common divisor of 16578808 and 722648.
7016
What is the greatest common factor of 826506 and 44659?
629
What is the highest common divisor of 1225616 and 781200?
3472
Calculate the highest common divisor of 12243798 and 1006866.
7686
Calculate the highest common factor of 31 and 41256.
1
What is the highest common divisor of 185933 and 5401?
11
Calculate the highest common factor of 688307 and 77149.
431
Calculate the greatest common divisor of 540 and 72420.
60
Calculate the greatest common divisor of 528 and 1373834.
22
Calculate the greatest common divisor of 370326 and 51150.
2046
Calculate the greatest common factor of 7014 and 187137528.
1002
What is the greatest common factor of 367048 and 190232?
344
Calculate the highest common divisor of 8 and 273928012.
4
Calculate the greatest common divisor of 2534587592 and 16.
8
Calculate the highest common divisor of 6320 and 9126080.
6320
Calculate the highest common divisor of 341 and 2372399.
31
What is the highest common divisor of 302390 and 63580?
110
Calculate the greatest common divisor of 526457 and 42143329.
8923
Calculate the greatest common factor of 12 and 1457916.
12
What is the greatest common factor of 5131570 and 40?
10
What is the highest common divisor of 549 and 4502959?
61
Calculate the highest common factor of 37950259 and 904.
113
Calculate the highest common divisor of 745 and 23235805.
745
Calculate the greatest common factor of 3982 and 581712461.
1991
What is